r + 46. Let j be l(-21). Calculate the highest common divisor of j and w.
5
Suppose 355 + 104 = 51*p. Calculate the greatest common divisor of p and 459.
9
Let n = -93 + 103. Let a be (-3)/(-15)*1 - (-88)/n. What is the highest common factor of 54 and a?
9
Let t be 1/(3/(-2))*-6. Suppose -4*g = 3*r - 168, 0 = t*g + 4*r - 85 - 79. Calculate the highest common divisor of 10 and g.
5
Let b be (14/(-6))/((-2)/60). Let i be 19 + (-5 - 32/8). What is the greatest common divisor of b and i?
10
Let s(r) = -2*r**2 + 4*r - 3. Let l be s(2). Let m be 48/84 - l/7. Let c be 48 - 3/(m/1). Calculate the highest common divisor of c and 5.
5
Let i(d) = d**2 + 2*d - 3. Let f be i(-3). Suppose -20*k + 880 = -12*k. Suppose f = n, 2*x + 3*x + n = k. Calculate the greatest common factor of 110 and x.
22
Suppose b + 19*x = 20*x + 169, -848 = -5*b + 4*x. Calculate the greatest common divisor of 774 and b.
86
Suppose 0 = p + l + 36, 2*l - l + 4 = 0. Let y be p/(-3) + 5 + 42/(-9). Calculate the highest common divisor of y and 121.
11
Let d = 57 + 222. Calculate the greatest common factor of 62 and d.
31
Let o be 5712/70 + (-2)/(-5). Suppose -3*t + 50 + o = 0. Calculate the highest common factor of 22 and t.
22
Suppose 0 = -n + 5*v - v + 20, 4 = -v. Let b = 8 - 6. Suppose -b*q - 2*q + 16 = 0. What is the highest common factor of n and q?
4
Let x be 27 - (5 + -14 + 9). Calculate the highest common divisor of x and 837.
27
Suppose 10*n - 13 = -3. Let l be 21/(-7) + 151/n. What is the greatest common factor of l and 37?
37
Let a be (1*-49)/(33/(-264)). Calculate the highest common factor of 14 and a.
14
Let r = -101 + 110. What is the greatest common factor of 117 and r?
9
Suppose -4*w = 8 + 4. Let t be 195/3 + -4 - w. What is the highest common divisor of t and 8?
8
Let q(c) = -9*c**2 - 1501*c + 542. Let p be q(-167). Suppose 3 = y - 10. Calculate the greatest common factor of y and p.
13
Let b be 14 + (1 - -3*5/15). Let p = -434 - -610. What is the greatest common factor of p and b?
16
Let y(q) = -3*q**2 + 3*q**3 - 9*q - 8*q**3 + 10 + 6*q**3. Let v be y(7). Suppose 15 = -o + 28. What is the greatest common divisor of o and v?
13
Suppose 3*w = -4*o + 75 - 18, -3*o = 5*w - 40. Let a = 45 + -25. What is the highest common factor of a and o?
5
Suppose 3*u + 33 = -5*v + 2*v, -3*v - 4*u = 33. Let w be v/1*(-2 - 0). Calculate the highest common divisor of w and 2.
2
Let c(z) = -11*z + 16. Let w = -4 - 0. Let l be c(w). What is the greatest common divisor of l and 24?
12
Suppose 5*q - 106 + 16 = 0. Suppose 0 = 4*v + 3*v - 189. What is the highest common factor of v and q?
9
Let h be 2/(54/10 + -5). Calculate the greatest common divisor of 40 and h.
5
Let z = 328 + -223. What is the highest common factor of 42 and z?
21
Let b(f) = -2*f**2 + 18*f - 16. Let x be b(7). Suppose -i - 104 = -5*o, -o + 2*i = 4*i - x. What is the highest common factor of o and 40?
20
Suppose 506 = 84*r - 1510. Let m(w) = 6*w. Let k be m(1). What is the highest common divisor of k and r?
6
Let z(c) be the first derivative of 59 + 2*c - 18 + 6*c**2 - 29. Let h be z(2). Calculate the greatest common factor of 39 and h.
13
Let b(t) = -3*t**3 - 16*t**2 - 12*t - 1. Let u be b(-7). What is the highest common factor of 16 and u?
8
Let h(z) = -276 + 207 + 11*z + 29*z. Let u be h(6). What is the highest common factor of 19 and u?
19
Suppose 8*o - 3*o - 100 = 0. Let d = o + -8. Suppose -2*c - 2*t + 16 = -0*t, 3*t = -d. Calculate the greatest common factor of c and 4.
4
Let o(r) = r**3 - 3*r**2 + 2*r - 1. Let g be o(3). Suppose 14 = 3*y + 5*n - 14, g*y + 5*n = 40. What is the highest common factor of y and 18?
6
Let m(y) = 3*y**2 - y - 3. Let q be m(-3). Let t = -93 + 183. Suppose -15*x = -20*x + t. What is the greatest common factor of x and q?
9
Let k be (-2)/(-5) - 46176/(-160). Calculate the highest common divisor of k and 34.
17
Suppose 3*h = 2*j - 40, -4*h = 5*j + 32 + 29. Let k be (-4)/h - 1458/(-42). What is the greatest common factor of 14 and k?
7
Let v(w) = 4410*w**2 - 2*w - 2. Let j be v(-1). Suppose -5*s = 5*s - j. Calculate the greatest common divisor of s and 49.
49
Let y be ((-48)/(-32))/(-1*(-6)/16). Suppose 43 = y*a - 65. Calculate the highest common divisor of 216 and a.
27
Let i = -8 - -21. Let r = 206 - 102. What is the highest common divisor of i and r?
13
Let m = -93 + 121. Calculate the greatest common factor of 4 and m.
4
Let t(l) = 15*l - 4*l + 18 - 4*l - 5*l. Let a be t(-7). Let k(o) = o**3 - 4*o**2 + 6*o - 4. Let c be k(4). What is the greatest common divisor of a and c?
4
Suppose -11*b - 64*b = -1125. Suppose -3*r + 3*m + 9 = 0, 5*r + m = 3*m + 21. What is the greatest common factor of b and r?
5
Let w be (275/22)/(1/2). Suppose 0*i = -5*i + 625. Calculate the greatest common divisor of w and i.
25
Let y = 5 + 63. Calculate the highest common divisor of 12 and y.
4
Let h(f) = -f**3 + 7*f**2 + 4*f + 40. Let q be h(8). Calculate the greatest common factor of q and 256.
8
Suppose -1 = -5*a - d, -21 = -a - 4*a + 4*d. Let l = 49 - 41. Calculate the highest common divisor of a and l.
1
Let d(j) = 13*j - 60. Let r = 22 + -14. Let k be d(r). Calculate the greatest common factor of 22 and k.
22
Let p(r) be the second derivative of -11*r**3/3 - 15*r**2/2 + 29*r. Let z be p(-6). Calculate the greatest common divisor of z and 13.
13
Suppose -5*a + 28 = 2*w, w = -3*a + 2*w + 8. Suppose 0 = 4*u + 2 + 2, 0 = -m - 4*u + 2. What is the highest common factor of a and m?
2
Let i(u) = 12*u + 194. Let w be i(-8). Calculate the highest common divisor of 4 and w.
2
Suppose -27 - 53 = -10*k. Calculate the greatest common divisor of 288 and k.
8
Let g(o) = -o**3 - 24*o**2 + 40*o + 38. Let s be g(-26). Calculate the highest common divisor of 105 and s.
35
Let q = -5483 - -5507. Let k(s) = -s**3 + 6*s**2 + 3*s - 6. Let m be k(6). What is the greatest common divisor of m and q?
12
Suppose 4*x - 827 = 2*j - 5499, 0 = -4*j - 5*x + 9370. Suppose 0 = -2*q + 12*q - j. Calculate the greatest common factor of 26 and q.
26
Let a = 129 + -12. Let g be -9*(-4)/6 - -3. Calculate the greatest common divisor of a and g.
9
Let d(s) = -s**2 + 5*s. Suppose -4*y - 39 - 17 = 0. Let c be (-23)/(-7) - (-4)/y. Let r be d(c). Calculate the highest common factor of r and 42.
6
Let h be 4/24*3*150. What is the greatest common factor of 105 and h?
15
Suppose 3*p = 39 + 36. Let d be 2*(-9)/6*10/(-3). Let z be (-4)/d - (1485/(-25))/11. What is the highest common divisor of p and z?
5
Let p = 65 - 46. Suppose -c + 45 + p = 0. Calculate the greatest common factor of c and 8.
8
Let o(l) = -l**2 - 9*l. Let b(i) = 6*i + 4. Let m be b(-2). Let k be o(m). Let z be -6*(2 + 16/(-6)). Calculate the greatest common divisor of z and k.
4
Let i = -4779 + 4786. Suppose -6*c + 330 = -c. Let v = c - 10. What is the highest common factor of v and i?
7
Let o be (24/36)/((-1)/(-33)). Let b = -6 + o. What is the greatest common factor of 144 and b?
16
Suppose l - 11 = 2*l. Let a be (l + 4 + 6)/((-2)/170). Calculate the highest common divisor of a and 34.
17
Let f be -20*(-1)/(-1)*-4. Let j = -166 - -178. Suppose -j*w - 64 = -14*w. What is the greatest common factor of f and w?
16
Let p be (34/12 - 2)*(7 - -347). What is the highest common factor of 25 and p?
5
Let x be 2/(-5)*-10 + 107. Suppose 3*j - x = -0*j. Calculate the greatest common divisor of 259 and j.
37
Let i(r) = -r**3 - 3*r**2 + 29*r + 23. Let c be i(-7). Calculate the greatest common divisor of c and 496.
16
Let k be (30/(-50))/(1/(-5))*2. Let q be 176/33 - (-4)/k. Let l(c) = c**3 - 5*c**2 - 4*c - 3. Let j be l(6). Calculate the highest common divisor of j and q.
3
Suppose d + 161 = 2*d + 4*a, -516 = -3*d - a. Suppose 3*w = d + 289. Calculate the highest common divisor of 14 and w.
14
Suppose 5*t - 84 = t. Let o = -13 + 17. Suppose -a = -o*a + 42. What is the highest common factor of t and a?
7
Let h(m) = -5*m**2 + m**3 - 2*m**3 + 109*m - 109*m + 8. Let g be h(-5). What is the highest common divisor of g and 4?
4
Let b be 1/2 + 3/2. Let d be (-1 + 3/6)*56. Let n = d - -30. What is the greatest common divisor of b and n?
2
Let j(y) = 3*y - 55. Let u be j(24). What is the greatest common divisor of u and 187?
17
Let y = -5 + 0. Let v be 162/(-15)*1*y. Let c = -32 + v. Calculate the highest comm